e the first derivative of -1/3*n**3 + n**2 - 4 - 2*n. Let t be 12/18*9/2. What is l(t)?
-5
Let k(a) be the first derivative of -1/3*a**3 - 17 + 3/2*a**2 + 5*a. Suppose x = 5*r - 6, -9 + 3 = -2*x + r. What is k(x)?
1
Let c(h) = -h**3 - 2*h**2 + 3*h - 1. Let d = -72 - -84. Suppose 4*q = 2*v - 0*v - 14, -3*q - d = -3*v. Determine c(q).
-1
Let w(v) = 5*v**2 + 11*v - 10. Let p(a) = -13*a**2 - 23*a + 21. Let n(t) = -t**2. Let f(x) = -2*n(x) + p(x). Let q(u) = 6*f(u) + 13*w(u). Give q(3).
2
Let z(l) = l**2 - 8*l + 5. Let y = 89 - 87. Let h be y/7 + 54/7. Give z(h).
5
Let q(j) be the first derivative of j**6/180 + 7*j**5/120 - j**4/24 + 2*j**3 - 8. Let i(u) be the third derivative of q(u). Calculate i(-5).
14
Let q(d) = -d**2 + 8*d. Let m(p) = -3*p**2 + 23*p. Let a(w) = -6*m(w) + 17*q(w). Suppose 2*y + 348 = 5*z, 0*z + z - 71 = -y. Let i = z - 67. Determine a(i).
3
Let g(u) = -11*u**2 - 2*u + 14. Let o(n) = -4*n**2 - n + 5. Let h(b) = 3*g(b) - 8*o(b). Let j(y) = 2*y - 27. Let q be j(12). Give h(q).
-13
Let d = 80 - 73. Let c(h) be the second derivative of h**4/12 - 7*h**3/6 - h**2/2 - h. Calculate c(d).
-1
Suppose 3*p = h - 24, -22 = 5*p + 2*h + 29. Let w(j) = -j**2 - 8*j + 6. Give w(p).
-3
Suppose r - g - 7 + 1 = 0, g = -5*r + 30. Suppose -r*w = -7*w - 4. Let x(d) = d**2 + 5*d + 6. Determine x(w).
2
Let d(x) = -x**2 - 11*x + 18. Let h be d(-12). Let j(q) = 7*q + 14 - h + 8*q**2 + 3 - 2 + q**3. Calculate j(-7).
9
Let g(y) = y**2 + 5*y + 2. Let q = 2 - -7. Suppose -5*l = -3*i - q, i + 5*l = -4*i + 25. Let s be -2*(i + -4)/(-1). What is g(s)?
-2
Suppose 30 = -0*h + 2*h. Let d(n) = -8*n + 6 + h*n - 6*n. Give d(-9).
-3
Let j(t) = 34*t + 3 + 2*t**2 + 8 - 5*t**2 - 35*t + 2*t**2. What is j(-8)?
-45
Let h(x) = x**3 + 9*x**2 - 23*x - 9. Let r be h(-11). Suppose -5*l - a - 11 = 0, -6*l + 4*a = -3*l + r. Let u(n) = 2*n**2 - 2*n. Give u(l).
12
Let v(s) = 3*s**3 - 2*s**2 + 6. Let w be v(2). Let m(b) = -b + 20. Calculate m(w).
-2
Let h(m) = 13*m**2 - 2*m + 1. Let p(i) = -6*i**2 + i. Let k(f) = -2*h(f) - 5*p(f). Calculate k(-1).
3
Let u(f) = 7*f - 9. Let m be 2/(-6) + 32/(-12). Let y(a) = -4 + 3 - 4 + 4*a. Let z(w) = m*u(w) + 5*y(w). Calculate z(-6).
8
Let t(o) be the second derivative of -1/6*o**3 + 0 - o**2 + 4*o. Suppose h + r + 7 = -h, 2*r = -2*h - 8. Calculate t(h).
1
Let u(k) = 17*k**2 - 5*k - 2. Let s(c) = -47*c**2 + 14*c + 6. Let r(f) = -4*s(f) - 11*u(f). Determine r(-4).
18
Suppose 4*d - 50 = 58. Let z = d - 28. Let x(a) = -17*a**2 + a. Determine x(z).
-18
Suppose 10 = 4*g - 2*g. Let x(b) = 3*b - 9. Let w(v) = -6*v + 17. Suppose -3*p - 25 = 3*l - l, -3*l - 13 = p. Let u(q) = p*x(q) - 4*w(q). Determine u(g).
10
Suppose -2*g - 115 = 3*o, -2*g + 72 = -o + 23. Let v = -42 - o. Let c(w) = -4*w + 1. What is c(v)?
5
Let p be 2/(4 + 56/(-12)). Let y be ((-3)/2)/(p/(-6)). Let v(o) = -o**2 + 3*o. Let r(s) = -s**2 + 2*s. Let z(f) = -6*r(f) + 5*v(f). Determine z(y).
0
Suppose 2*t - 7 = 2*k + 13, 0 = 3*k + 3*t + 6. Let q(p) be the first derivative of p**3/3 + 3*p**2/2 + 2*p - 1. Determine q(k).
20
Let z(c) = c**2 - 15*c + 16. Let s be z(14). Let m(f) = -3*f - 2 + 6*f - f**s + 4*f + 0. Determine m(7).
-2
Let h = -190 - -189. Let x(d) = -16*d**3 - 3*d**2 + 7*d - 4. Let l(m) = -15*m**3 - 2*m**2 + 6*m - 3. Let j(b) = 5*l(b) - 4*x(b). Determine j(h).
12
Suppose a + 2*c - 8 = 0, 0 = -0*a + 2*a + c - 22. Suppose 16*o - 24 = a*o. Let t(b) = 3*b - 1. What is t(o)?
17
Let t(i) = -i**2 - 5*i - 7. Let y(o) = -o + 19. Let w be y(24). Calculate t(w).
-7
Let p(v) be the third derivative of 7/6*v**3 + 0 + 0*v - 1/60*v**5 + 16*v**2 + 1/6*v**4. Let r = -9 - -15. Give p(r).
-5
Let u = -97 - -101. Let l = -4 - -7. Let o(p) = l + p - 7 + 1. What is o(u)?
1
Let x(n) = -6*n + 9*n - 3 - 2*n + 6 - 3*n. Determine x(10).
-17
Let i = 7 + -4. Let y = i + 0. Let z(n) = 2*n + 12 - 16 - n. Calculate z(y).
-1
Let j(l) = -17*l**2 + 2*l - 9. Let g(k) = -38*k**2 + 3*k - 19. Let c(m) = -4*g(m) + 9*j(m). Calculate c(6).
-5
Suppose 0 = a + a. Let g(h) be the second derivative of -1/12*h**4 - 4*h**2 - 1/6*h**3 + 0 + 11*h. Calculate g(a).
-8
Let s(l) = 2 - 3*l - l**3 + 1 + 9 - 14 - 4*l**2. Calculate s(-3).
-2
Let t(u) = u**3 - 3*u**2 + 2*u + 5. Let f = 777 - 774. Calculate t(f).
11
Let d(o) = 1 + 2166*o - 2*o**2 - 2164*o - 9*o**3 + 3*o**2. Let v be (-4)/(-6) + 5/(-3). Calculate d(v).
9
Let h = 46 + -42. Let k(o) = 2*o + 3*o - o**2 - h + 3 + 2*o**2. Calculate k(-4).
-5
Let d(j) = -4*j + 2*j + 3*j + j**3 + 3 - 3*j**2. Suppose 96 = 12*p + 20*p. Determine d(p).
6
Let a(u) = 5*u + 91. Let q be a(-18). Let m(y) = -y - 2. Determine m(q).
-3
Let r(y) = -y**2 + 5*y - 3. Let m(l) = l**2 - 11*l - 13. Let h be m(12). Let w be 6 + (0 - 2) + h. Suppose 0 - 12 = -w*b. Determine r(b).
1
Let v(i) be the first derivative of 0*i**2 - 4 - 7/3*i**3 + 0*i. Let j(s) = -s**3 + 3*s**2 + 4*s + 1. Let y be j(4). Calculate v(y).
-7
Suppose -4*k - 4*i = 0, 8*k - 3*k - i = 24. Suppose 3*f = 5*v + 19, 4*f - 12 = k*v - 0. Let y(b) = 5*b + 6. Determine y(v).
-19
Let v = 115 - 116. Let r(d) = 5*d**3 + 2*d + 1. Calculate r(v).
-6
Let q(r) = 1. Let b = -17 - -18. Suppose -4 + b = c. Let i(k) = -k + 1. Let d(f) = c*i(f) - 3*q(f). What is d(4)?
6
Let l(q) = q**2 - 6*q - 15. Let k be l(8). Let v(z) = -6 - 4*z + 5 + k + 1. Determine v(3).
-11
Let m(t) = t - 5. Suppose 7*y - 8*y + 15 = -4*p, 0 = -5*y + p + 18. Suppose 4*g + 1 = -y*x, g = 3*x - 15 - 4. Calculate m(x).
0
Let h(x) = -x**2 + 6*x - 7. Suppose -r + 397 - 390 = 0. Determine h(r).
-14
Let c(u) = -20*u + 21. Let w(h) = -7*h + 7. Let n be 5/(-10)*(-3*5 - -3). Let q(z) = n*c(z) - 17*w(z). Give q(3).
4
Let i(r) = r**3 + r**2 + r - 3. Let d = -1719 - -1717. Determine i(d).
-9
Let t be (5/(-15))/((-2)/(12/1)). Let n(z) = -2*z. Let j be n(t). Let w(g) = 4*g + 4. Give w(j).
-12
Suppose y + 5*f - 9*f - 5 = 0, 3*y - 4*f + 1 = 0. Let m(z) = z**2 + 5*z + 3. Give m(y).
-3
Let j(a) = 6*a - 3*a**2 - 5*a**3 - 1 + 4*a**3 + 8*a**2 + 3. Let t be j(6). Let z(c) = -6 - t + 2*c + 6*c**2 + c**3 + 2. Give z(-5).
9
Let u be 11 - (-1 + (-10)/(-2)). Let r(f) = -11*f - 5. Let t(s) = 29*s + 16. Let d(h) = 8*r(h) + 3*t(h). What is d(u)?
1
Let b(t) = t**2 - t - 3. Let a(v) = 5*v**2 - 12. Let l(z) = -a(z) + 3*b(z). Give l(2).
-11
Suppose 912*h = 903*h - 18. Let j(g) = -4*g**3 - 2*g**2 - 2*g - 1. What is j(h)?
27
Let o be (1/(-2))/((-2)/(-4)). Let w(y) be the second derivative of 1/12*y**4 + 16*y + 0*y**3 + 0 - 1/2*y**2 - 1/20*y**5. Determine w(o).
1
Let p(a) = a**3 - 11*a**2 + 10*a + 4. Let t be p(10). Suppose -x + 2 = -4*r + 1, -2*r - 4 = -t*x. Let f(y) = -3905 + 3905 + y. Determine f(x).
1
Let z = -3 - 1. Let q(u) = -3*u - 2. Let k(h) = -16*h - 9. Let m(r) = 2*k(r) - 11*q(r). Calculate m(z).
0
Let z = 20 - 16. Suppose -4*m - 3 - 9 = -y, -2*m + z*y - 20 = 0. Let k(n) = 10*n + 2. Give k(m).
-18
Let g be -28*8/64*-2. Let h(s) = s**2 - 4*s. What is h(g)?
21
Suppose -3*q + 2 + 4 = 0. Suppose 5*l = q*l + 18. Suppose -3*m - l = -m. Let y(p) = -p**3 - 3*p**2 - p + 1. What is y(m)?
4
Let s(o) = -o**3 - 2*o**2 + o - 1. Let p(r) = 2*r**2 + 8*r + 1. Let k be p(-4). Let y = 1 - 5. Let z = y + k. Give s(z).
5
Let s(u) = u + 1. Suppose -3 = 3*y - 0, 0 = 2*f - 2*y + 90. Let v = f + 41. Calculate s(v).
-4
Suppose 2*c - 5*g = -0*c + 31, 0 = c - g - 17. Let a(u) = -3 - c*u + 15*u + 2. Determine a(-1).
2
Suppose 0 = -x - 0*x + 4. Let s = x + 2. Let z(o) = 23*o - 21. Let n(u) = 8*u - 7. Let k(g) = 17*n(g) - 6*z(g). Calculate k(s).
-5
Let k = -13 - -31. Let f = k - 25. Let i(p) = -p**2 - 7*p - 3. Let u be i(f). Let v(r) = -3*r + 2. Calculate v(u).
11
Let q be (1 + 172/(-8))/(3/(-6)). Suppose 13 - q = 2*a. Let c(i) = -i**2 - 14*i + 7. Give c(a).
7
Let w(v) = v**2 + 7*v - 6. Let y = 936 + -944. Give w(y).
2
Let t be (-3)/((-6)/10)*-1. Let x(k) be the first derivative of k**3/6 + k**2/2 + k + 11. Let h(s) be the first derivative of x(s). What is h(t)?
-4
Let m(c) = -3*c + 4. Suppose -1125*r + 40 = -1117*r. What is m(r)?
-11
Let h(y) = -90*y**2 + 10*y + 8. Let f(g) = 49*g**2 - 5*g - 4. Let a(w) = 11*f(w) + 6*h(w). Determine a(5).
4
Let x(l) = -8*l**3 + l**3 - 19 + 33 - 15. Suppose 5*f - 4*b = 37, -4*f + 29 = -3*b - 0. Suppose -4*j - j = f. Give x(j).
6
Let s(t) = -t**3 + 4*t**2 - 3*t. Let c be s(3). Suppose -2*j - 4 = 0, c = 4*r - j - 7 + 1.